{"id":1464,"date":"2021-01-19T11:29:23","date_gmt":"2021-01-19T10:29:23","guid":{"rendered":"http:\/\/www.steremat-afs.de\/?page_id=1464"},"modified":"2026-03-03T11:34:33","modified_gmt":"2026-03-03T10:34:33","slug":"gustav-adolf-strasse","status":"publish","type":"page","link":"https:\/\/www.steremat-afs.de\/wordpress\/angebote\/massnahmen\/gustav-adolf-strasse\/","title":{"rendered":"Gustav-Adolf-Stra\u00dfe"},"content":{"rendered":"\n<h3 class=\"wp-block-heading has-text-align-center\">Gustav-Adolf-Stra\u00dfe 5<br><strong>13086 Berlin<\/strong><br><strong>(Sozialer Kieztreff)<\/strong><\/h3>\n\n\n\n<p class=\"has-text-align-center has-large-font-size\"><strong>Laufende Projekte und Ma\u00dfnahmen:<\/strong><\/p>\n\n\n\n<p><strong>Titel:<\/strong><br><strong>Hilfe im Kiez<\/strong><br>Jobcenter Pankow<br>nach \u00a7 16i SGB II (Projektf\u00f6rderung in \u00f6ffentlich gef\u00f6rderter Besch\u00e4ftigung in Berlin \u2013 BiB)<\/p>\n\n\n\n<p><strong>T\u00e4tigkeiten:<\/strong><br>einfache handwerkliche und kreative T\u00e4tigkeiten in der Multikulturellen Kreativwerkstatt des Kieztreffs; einfache N\u00e4harbeiten an Bekleidung und Haushaltsw\u00e4sche in unserer N\u00e4hstube; Entwerfen und Anfertigen von Kost\u00fcmen und Dekorationsteilen; Sammeln von Spenden f\u00fcr die Kleider- und B\u00fccherkiste des Kieztreffs und kostenlose Weitergabe an Bed\u00fcrftige; Unterst\u00fctzung bed\u00fcrftiger Ratsuchender in unserer offenen Beratungsstelle.<\/p>\n\n\n\n<p><strong>Teilnehmer:&nbsp;&nbsp; <\/strong>2<br><strong>Start:<\/strong>&nbsp;&nbsp;&nbsp;&nbsp;&nbsp;&nbsp;&nbsp;&nbsp;&nbsp;&nbsp;&nbsp;&nbsp;&nbsp; 2023<br><strong>Abschluss:<\/strong>&nbsp;&nbsp;&nbsp; 2028<\/p>\n\n\n\n<hr class=\"wp-block-separator has-text-color has-primary-color has-css-opacity has-primary-background-color has-background aligncenter\"\/>\n\n\n\n<p><strong>Titel:<\/strong><br><strong>Unterst\u00fctzung von Kultur- und Tourismus in Reinickendorf<\/strong><br>Jobcenter Reinickendorf<br>nach \u00a7 16i SGB II (Projektf\u00f6rderung in \u00f6ffentlich gef\u00f6rderter Besch\u00e4ftigung in Berlin \u2013 BiB)<\/p>\n\n\n\n<p><strong>T\u00e4tigkeiten:<\/strong><br>Recherche und Datenerfassung zu kulturellen und touristischen Aktivit\u00e4ten im Bezirk, Unterst\u00fctzung bei der Vorbereitung und Durchf\u00fchrung von Veranstaltungen und Ausstellungen (Transport, Auf- und Abbau, handwerkliche und gestaltende T\u00e4tigkeiten), Erfassung und Dokumentation von M\u00e4ngeln, Ordnungswidrigkeiten, Verschmutzungen anhand eines abgestimmten Begehungsplans, Kontrolle von Wegeleit- und Informationssystemen insbesondere in Naturschutzgebieten und Tegeler See.<\/p>\n\n\n\n<p><strong>Teilnehmer:&nbsp;&nbsp; <\/strong>5<br><strong>Start:<\/strong>&nbsp;&nbsp;&nbsp;&nbsp;&nbsp;&nbsp;&nbsp;&nbsp;&nbsp;&nbsp;&nbsp;&nbsp;&nbsp; 2024<br><strong>Abschluss:<\/strong>&nbsp;&nbsp;&nbsp; 2027<\/p>\n\n\n\n<hr class=\"wp-block-separator has-alpha-channel-opacity\"\/>\n\n\n\n<p><strong>Titel:<\/strong><br><strong>Aufarbeitung von Lehr- und Lernmittel<\/strong>n<br>Jobcenter Reinickendorf<br>nach \u00a7 16i SGB II (Projektf\u00f6rderung in \u00f6ffentlich gef\u00f6rderter Besch\u00e4ftigung in Berlin \u2013 BiB)<\/p>\n\n\n\n<p><strong>T\u00e4tigkeiten:<\/strong><br>Erfassung und Sortierung der Lehr- und Lernmittel nach Zustand und Aufarbeitungsm\u00f6glichkeiten, Entfernen von Verunreinigungen, Kleben eingerissener Seiten, Anleimen ausgerissener Buchr\u00fccken, Aufarbeitung defekter Wandkarten, Ersatzanfertigung fehlender Spielelemente, Einfolieren von B\u00fcchern, Erg\u00e4nzung, Aufarbeitung und Versch\u00f6nerung von Puppenstuben und Kasperletheaterelementen, Erarbeitung von kreativ-k\u00fcnstlerischen Vorlagen f\u00fcr Besch\u00e4ftigungs- und Spielelemente, Anfertigung von Tast- und Geruchsk\u00e4sten.<\/p>\n\n\n\n<p><strong>Teilnehmer:&nbsp;&nbsp; <\/strong>4<br><strong>Start:<\/strong>&nbsp;&nbsp;&nbsp;&nbsp;&nbsp;&nbsp;&nbsp;&nbsp;&nbsp;&nbsp;&nbsp;&nbsp;&nbsp; 2024<br><strong>Abschluss:<\/strong>&nbsp;&nbsp;&nbsp; 2027<\/p>\n\n\n\n<hr class=\"wp-block-separator has-alpha-channel-opacity is-style-default\"\/>\n\n\n\n<p><strong>Titel:<\/strong><br><strong>Ukraine-Lotsinnen und -Lotsen<\/strong><br>Senatsverwaltung f\u00fcr Integration, Arbeit und Soziales (berlinweites Projekt, Zuweisungen durch Jobcenter)<br>nach \u00a7 16i SGB II (Projektf\u00f6rderung in \u00f6ffentlich gef\u00f6rderter Besch\u00e4ftigung in Berlin \u2013 BiB)<\/p>\n\n\n\n<p><strong>T\u00e4tigkeiten:<\/strong><br>f\u00fcr gefl\u00fcchtete, bed\u00fcrftige und in Not geratene Menschen aus der Ukraine:<br>zus\u00e4tzliche soziale Beratungs- und Begleitdienste sowie Schreibarbeiten und Ausf\u00fcllen von Antr\u00e4gen f\u00fcr Beh\u00f6rden, Fachberatungsstellen, Jobcenter, Wohnungsamt<br>Hilfeleistung bei Wohnungs- und Mietproblemen, Schulden- und Pf\u00e4ndungsproblemen, z. B. Sichten der Unterlagen auf Vollst\u00e4ndigkeit, gemeinsames Aufsuchen von Hilfe-Einrichtungen<br>Begleitung bei Arztbesuchen und Einrichtungen der Gesundheitsvorsorge<br>Unterst\u00fctzung &#8211; insbes. f\u00fcr Jugendliche &#8211; bei Bewerbungen, beim Abbau von Hemmschwellen im Umgang mit Institutionen (weiterf\u00fchrende Schulen, Universit\u00e4ten, \u00c4mtern und Beh\u00f6rden)<\/p>\n\n\n\n<p><strong>Teilnehmer:<\/strong>&nbsp;&nbsp; 15<br><strong>Start:<\/strong>&nbsp;&nbsp;&nbsp;&nbsp;&nbsp;&nbsp;&nbsp;&nbsp;&nbsp;&nbsp;&nbsp;&nbsp; &nbsp;2024<br><strong>Abschluss:<\/strong>&nbsp;&nbsp;&nbsp; 2027<\/p>\n\n\n\n<p><\/p>\n\n\n\n<hr class=\"wp-block-separator has-alpha-channel-opacity is-style-default\"\/>\n\n\n\n<p><strong>Titel:<\/strong> <br><strong>Kleider- und B\u00fccherkiste<\/strong> <br>Jobcenter Pankow <br>Ma\u00dfnahme-Nummer: 955\/2465\/26 <br>Arbeitsgelegenheiten mit Mehraufwandsentsch\u00e4digung <br>(AGH-MAE)<\/p>\n\n\n\n<p><strong>T\u00e4tigkeiten:<\/strong> <br>Annahme, Sortierung, Ausbesserungsarbeiten, grobe Reinigung von gespendeter Kleidung und anderen Gegenst\u00e4nden zur Weitergabe an nachweislich Bed\u00fcrftige; <br>Vermittlung einfacher N\u00e4hkenntnisse f\u00fcr Ausbesserungs- und \u00c4nderungsarbeiten an Bekleidung und Raumtextilien, Vorschl\u00e4ge zu Dekorationsideen; <br>f\u00fcr Kitas, Schulen und soziale Kindereinrichtungen: Hilfe bei der Herstellung von kreativen Kost\u00fcm- und textilen Dekorationsteilen, z.B. f\u00fcr Tanz- und Theaterauff\u00fchrungen; <br>f\u00fcr Kinder in sozialen Einrichtungen: Vorbereiten von textilen Bastelarbeiten (mit Stoff- und Wollresten), Entwerfen und Gestalten verschiedener Oster-\/Weihnachtschmuck-Elemente usw.; f\u00fcr Kasperletheater oder Puppenstuben; Entw\u00fcrfe und Hilfe bei der Herstellung und Reparatur von textilen Dekorationen); <br>kleine Ausbesserungsarbeiten an gesammelten und gespendeten B\u00fcchern zur Weitergabe an nachweislich bed\u00fcrftige Personen.<\/p>\n\n\n\n<p><strong>Besch\u00e4ftigungsumfang:<\/strong> <br>15 \u2013 30 Stunden\/Woche <br>Montag \u2013 Freitag von 08:00 Uhr bis 14:00 Uhr<\/p>\n\n\n\n<p><strong>Teilnehmer:<\/strong> 6 <br><strong>Start:<\/strong> &nbsp;&nbsp;&nbsp;&nbsp;&nbsp;&nbsp;&nbsp;&nbsp;&nbsp;&nbsp;&nbsp;&nbsp;&nbsp;&nbsp;&nbsp;&nbsp;&nbsp;&nbsp; 01.02.2026 <br><strong>Abschluss:<\/strong> &nbsp;&nbsp;&nbsp;&nbsp;&nbsp;&nbsp;&nbsp;&nbsp; 31.01.2027<\/p>\n\n\n\n<p><\/p>\n\n\n\n<hr class=\"wp-block-separator has-alpha-channel-opacity\"\/>\n\n\n\n<p><strong>Titel:<\/strong><br><strong>Kreativ- und Tonatelier \/<\/strong><br><strong>Aufarbeitung von Lehr- und Lernmitteln<\/strong><br>Jobcenter Pankow<br>Ma\u00dfnahme-Nummer: 955\/2458\/25<br>Arbeitsgelegenheiten mit Mehraufwandsentsch\u00e4digung<br>(AGH-MAE)<\/p>\n\n\n\n<p><strong>T\u00e4tigkeiten:<\/strong><br>Besch\u00e4ftigung im Kreativ- und Tonatelier mit und f\u00fcr Kinder(n) und Senioren: handwerkliche und kreative Arbeiten mit verschiedenen Werkstoffen und Materialien: u.a. Ton, Holz, Steine, Wolle, Karton, Papier, Textilien, Naturmaterialien, F\u00f6rdern der Sinneswahrnehmung \u2013 Musik\/Ger\u00e4usche \u201eerh\u00f6ren\u201c, Gegenst\u00e4nde ertasten und f\u00fchlen, Materialien wie z. B. Ton \u201ebegreifen\u201c, F\u00f6rdern der eigenen Kreativit\u00e4t, kreatives Gestalten mit Naturprodukten; N\u00e4hen, H\u00e4keln, Stricken, Kneten.<\/p>\n\n\n\n<p>Aufarbeiten\/Reparieren von Lehr- und Lernmitteln f\u00fcr Kitas, Schulen, gemeinn\u00fctzige Einrichtungen: Sortieren und listenm\u00e4\u00dfiges Erfassen von Lehr- und Lernmitteln, Spielzeug u. \u00e4. nach Erhaltungszustand; bei B\u00fcchern: Ausradieren, Kleben, Entfernen von \u201eEselsohren\u201c, Verst\u00e4rken von Buchr\u00fccken, Umh\u00fcllen der B\u00fccher mit Schutzfolien; bei Gegenst\u00e4nden: Abschleifen von Holzoberfl\u00e4chen, farbliche Neugestaltung, Kleben von Holzverbindungen, ggf. Nachanfertigung fehlender Teile aus Holz, Pappe o.\u00e4., Leimen, Bohren, S\u00e4gen, Schrauben, Nageln, N\u00e4hen, Kneten, Gipsen, Stricken.<\/p>\n\n\n\n<p><strong>Besch\u00e4ftigungsumfang:<\/strong><br>15 \u2013 30 Stunden\/Woche<br>Montag \u2013 Freitag von 08:00 bis 14:00 Uhr<\/p>\n\n\n\n<p><strong>Teilnehmende:<\/strong>     14<br><strong>Start:<\/strong> &nbsp;&nbsp;&nbsp;&nbsp;&nbsp;&nbsp;&nbsp;&nbsp;&nbsp;&nbsp;&nbsp;&nbsp;&nbsp;&nbsp;&nbsp;&nbsp;&nbsp;&nbsp; 01.04.2025<br><strong>Abschluss:<\/strong>&nbsp;&nbsp;&nbsp;&nbsp;&nbsp;&nbsp;&nbsp;&nbsp;&nbsp;  31.03.2026<\/p>\n\n\n\n<hr class=\"wp-block-separator has-text-color has-primary-color has-css-opacity has-primary-background-color has-background aligncenter\"\/>\n\n\n\n<p class=\"has-text-align-center has-large-font-size\">Hier geht es zur\u00fcck <br>zur Auswahl der Standorte unserer<\/p>\n\n\n\n<div class=\"wp-block-buttons is-content-justification-center is-layout-flex wp-container-core-buttons-is-layout-1 wp-block-buttons-is-layout-flex\">\n<div class=\"wp-block-button\"><a class=\"wp-block-button__link has-subtle-background-color has-text-color wp-element-button\" href=\"https:\/\/www.steremat-afs.de\/wordpress\/angebote\/massnahmen\/\" style=\"border-radius:50px\">Ma\u00dfnahmen<\/a><\/div>\n<\/div>\n","protected":false},"excerpt":{"rendered":"<p>Gustav-Adolf-Stra\u00dfe 513086 Berlin(Sozialer Kieztreff) Laufende Projekte und Ma\u00dfnahmen: Titel:Hilfe im KiezJobcenter Pankownach \u00a7 16i SGB II (Projektf\u00f6rderung in \u00f6ffentlich gef\u00f6rderter Besch\u00e4ftigung in Berlin \u2013 BiB) T\u00e4tigkeiten:einfache handwerkliche und kreative T\u00e4tigkeiten in der Multikulturellen Kreativwerkstatt des Kieztreffs; einfache N\u00e4harbeiten an Bekleidung und Haushaltsw\u00e4sche in unserer N\u00e4hstube; Entwerfen und Anfertigen von Kost\u00fcmen und Dekorationsteilen; Sammeln von Spenden [&hellip;]<\/p>\n","protected":false},"author":1,"featured_media":1708,"parent":1451,"menu_order":3,"comment_status":"closed","ping_status":"closed","template":"","meta":{"footnotes":""},"jetpack_sharing_enabled":true,"_links":{"self":[{"href":"https:\/\/www.steremat-afs.de\/wordpress\/wp-json\/wp\/v2\/pages\/1464"}],"collection":[{"href":"https:\/\/www.steremat-afs.de\/wordpress\/wp-json\/wp\/v2\/pages"}],"about":[{"href":"https:\/\/www.steremat-afs.de\/wordpress\/wp-json\/wp\/v2\/types\/page"}],"author":[{"embeddable":true,"href":"https:\/\/www.steremat-afs.de\/wordpress\/wp-json\/wp\/v2\/users\/1"}],"replies":[{"embeddable":true,"href":"https:\/\/www.steremat-afs.de\/wordpress\/wp-json\/wp\/v2\/comments?post=1464"}],"version-history":[{"count":35,"href":"https:\/\/www.steremat-afs.de\/wordpress\/wp-json\/wp\/v2\/pages\/1464\/revisions"}],"predecessor-version":[{"id":2282,"href":"https:\/\/www.steremat-afs.de\/wordpress\/wp-json\/wp\/v2\/pages\/1464\/revisions\/2282"}],"up":[{"embeddable":true,"href":"https:\/\/www.steremat-afs.de\/wordpress\/wp-json\/wp\/v2\/pages\/1451"}],"wp:featuredmedia":[{"embeddable":true,"href":"https:\/\/www.steremat-afs.de\/wordpress\/wp-json\/wp\/v2\/media\/1708"}],"wp:attachment":[{"href":"https:\/\/www.steremat-afs.de\/wordpress\/wp-json\/wp\/v2\/media?parent=1464"}],"curies":[{"name":"wp","href":"https:\/\/api.w.org\/{rel}","templated":true}]}}