{"id":2,"date":"2019-10-21T11:51:39","date_gmt":"2019-10-21T09:51:39","guid":{"rendered":"http:\/\/www.steremat-afs.de\/wordpress\/?page_id=2"},"modified":"2021-11-14T07:46:02","modified_gmt":"2021-11-14T06:46:02","slug":"beispiel-seite","status":"publish","type":"page","link":"https:\/\/www.steremat-afs.de\/wordpress\/","title":{"rendered":"Startseite"},"content":{"rendered":"\n<h3 class=\"has-text-align-center wp-block-heading\">Willkommen bei der <br>Steremat AFS GmbH<\/h3>\n\n\n\n<p class=\"has-text-align-left has-large-font-size\">Wir stehen f\u00fcr die erfolgreiche Entwicklung und Durchf\u00fchrung von arbeitsmarktpolitischen Besch\u00e4ftigungs- und Quali\u00adfi\u00adzierungsma\u00dfnahmen.<br><br>Wir arbeiten eng mit <a href=\"http:\/\/steremat-afs.de\/wordpress\/partner\"><strong>institutionellen Einrichtungen<\/strong><\/a> zusammen, um arbeitsmarktpolitische Ziele von Bund, Land und Kommunen in Berlin passgenau umzusetzen.<br><br>Sie sind arbeitssuchend und interessieren sich f\u00fcr unsere <a href=\"https:\/\/www.steremat-afs.de\/wordpress\/angebote\" data-type=\"URL\" data-id=\"https:\/\/www.steremat-afs.de\/wordpress\/angebote\"><strong>Besch\u00e4ftigungs-, Quali\u00adfi\u00adzie\u00adrungs- und Bildungsangebote<\/strong><\/a>?<br><br>Sie sind ein Unternehmen und suchen eine schnelle Vermittlung zuverl\u00e4ssiger Arbeits\u00adsuchenden, eventuell mit Eingliederungszusch\u00fcssen, oder Praktikanten?<\/p>\n\n\n\n<p class=\"has-text-align-left has-large-font-size\">Wir vermitteln Ihnen passende Interessenten und begleiten sie w\u00e4hrend der Zeit der Erprobung in Ihrem Unternehmen.<\/p>\n\n\n\n<p class=\"has-text-align-center has-large-font-size\">Mehr <strong><a href=\"https:\/\/www.steremat-afs.de\/wordpress\/wir-ueber-uns\/\" data-type=\"URL\" data-id=\"https:\/\/www.steremat-afs.de\/wordpress\/wir-ueber-uns\/\">\u00fcber uns<\/a><\/strong>, unsere <a href=\"http:\/\/steremat-afs.de\/wordpress\/angebote\"><strong>Angebote<\/strong><\/a> und <strong><a href=\"https:\/\/www.steremat-afs.de\/wordpress\/projekte\/\" data-type=\"URL\" data-id=\"https:\/\/www.steremat-afs.de\/wordpress\/projekte\/\">Projekte<\/a> <\/strong>erfahren Sie auf den folgenden Seiten oder nehmen Sie direkten <a href=\"http:\/\/steremat-afs.de\/wordpress\/kontakt\"><strong>Kontakt<\/strong><\/a> mit uns auf.<\/p>\n\n\n\n<h4 class=\"has-text-align-center wp-block-heading\">Das Team der Steremat AFS<\/h4>\n\n\n\n<hr class=\"wp-block-separator\"\/>\n\n\n\n<p class=\"has-text-align-center has-large-font-size\">Sie wollen mehr \u00fcber uns wissen?<br><br>Dann machen Sie doch eine kleine Tour <br>durch unsere Website:<\/p>\n\n\n\n<div class=\"wp-block-buttons aligncenter is-layout-flex wp-block-buttons-is-layout-flex\">\n<div class=\"wp-block-button\"><a class=\"wp-block-button__link has-background-color has-text-color\" href=\"https:\/\/www.steremat-afs.de\/wordpress\/wir-ueber-uns\/\" style=\"border-radius:50px\"><strong>Wir \u00fcber uns<\/strong><\/a><\/div>\n<\/div>\n\n\n\n<hr class=\"wp-block-separator\"\/>\n\n\n\n<p class=\"has-text-align-center has-large-font-size\">Oder kennen Sie uns schon <br>und wollen gleich zu unseren Neuigkeiten:<\/p>\n\n\n\n<div class=\"wp-block-buttons aligncenter is-layout-flex wp-block-buttons-is-layout-flex\">\n<div class=\"wp-block-button\"><a class=\"wp-block-button__link has-background-color has-text-color\" href=\"https:\/\/www.steremat-afs.de\/wordpress\/aktuelles\/\" style=\"border-radius:50px\"><strong>Aktuelles<\/strong><\/a><\/div>\n<\/div>\n\n\n\n<p class=\"has-text-align-center\">..<\/p>\n\n\n\n<p class=\"has-text-align-center\">..<\/p>\n\n\n\n<p class=\"has-text-align-center\">..<\/p>\n\n\n\n<p><\/p>\n","protected":false},"excerpt":{"rendered":"<p>Willkommen bei der Steremat AFS GmbH Wir stehen f\u00fcr die erfolgreiche Entwicklung und Durchf\u00fchrung von arbeitsmarktpolitischen Besch\u00e4ftigungs- und Quali\u00adfi\u00adzierungsma\u00dfnahmen. Wir arbeiten eng mit institutionellen Einrichtungen zusammen, um arbeitsmarktpolitische Ziele von Bund, Land und Kommunen in Berlin passgenau umzusetzen. Sie sind arbeitssuchend und interessieren sich f\u00fcr unsere Besch\u00e4ftigungs-, Quali\u00adfi\u00adzie\u00adrungs- und Bildungsangebote? Sie sind ein Unternehmen und [&hellip;]<\/p>\n","protected":false},"author":1,"featured_media":995,"parent":0,"menu_order":0,"comment_status":"closed","ping_status":"open","template":"","meta":{"footnotes":""},"jetpack_sharing_enabled":true,"_links":{"self":[{"href":"https:\/\/www.steremat-afs.de\/wordpress\/wp-json\/wp\/v2\/pages\/2"}],"collection":[{"href":"https:\/\/www.steremat-afs.de\/wordpress\/wp-json\/wp\/v2\/pages"}],"about":[{"href":"https:\/\/www.steremat-afs.de\/wordpress\/wp-json\/wp\/v2\/types\/page"}],"author":[{"embeddable":true,"href":"https:\/\/www.steremat-afs.de\/wordpress\/wp-json\/wp\/v2\/users\/1"}],"replies":[{"embeddable":true,"href":"https:\/\/www.steremat-afs.de\/wordpress\/wp-json\/wp\/v2\/comments?post=2"}],"version-history":[{"count":57,"href":"https:\/\/www.steremat-afs.de\/wordpress\/wp-json\/wp\/v2\/pages\/2\/revisions"}],"predecessor-version":[{"id":1682,"href":"https:\/\/www.steremat-afs.de\/wordpress\/wp-json\/wp\/v2\/pages\/2\/revisions\/1682"}],"wp:featuredmedia":[{"embeddable":true,"href":"https:\/\/www.steremat-afs.de\/wordpress\/wp-json\/wp\/v2\/media\/995"}],"wp:attachment":[{"href":"https:\/\/www.steremat-afs.de\/wordpress\/wp-json\/wp\/v2\/media?parent=2"}],"curies":[{"name":"wp","href":"https:\/\/api.w.org\/{rel}","templated":true}]}}