{"id":89,"date":"2020-06-23T10:26:43","date_gmt":"2020-06-23T08:26:43","guid":{"rendered":"http:\/\/www.steremat-afs.de\/wordpress\/?page_id=89"},"modified":"2020-11-24T12:00:54","modified_gmt":"2020-11-24T11:00:54","slug":"projekte","status":"publish","type":"page","link":"https:\/\/www.steremat-afs.de\/wordpress\/projekte\/","title":{"rendered":"Projekte"},"content":{"rendered":"\n<h4 class=\"has-text-align-center wp-block-heading\">Projekte<\/h4>\n\n\n\n<p class=\"has-large-font-size\">Ein Ziel unserer T\u00e4tigkeit ist die F\u00f6rderung, Entwicklung und Unterst\u00fctzung infrastruktureller Prozesse und Abl\u00e4ufe im Land Berlin.<\/p>\n\n\n\n<p class=\"has-large-font-size\">Daher nutzen wir auch die M\u00f6glichkeiten \u00fcber die Bewerbung f\u00fcr F\u00f6rderprogramme und Modellprojekte des Landes Berlin, des Bundes und der Europ\u00e4ischen Union.<br><br>Damit unterst\u00fctzen wir die Entwicklung von Strukturen auf vielf\u00e4ltige Weise, so z.B. im Umwelt- und  Naturschutz, von sozialen und nachbarschaftlichen Partnerschaften und setzen uns f\u00fcr eine nachhaltige Verbesserung sowohl im pers\u00f6nlichen Lebensumfeld der Menschen, als auch im Gemeinwesen ein.<\/p>\n\n\n\n<hr class=\"wp-block-separator\"\/>\n\n\n\n<p class=\"has-text-align-center has-large-font-size\">Folgende Projekte stehen exemplarisch <br>f\u00fcr unsere Arbeit:<\/p>\n\n\n\n<p class=\"has-text-align-center has-large-font-size\">\u2022<a href=\"https:\/\/www.steremat-afs.de\/wordpress\/projekte\/peb\/\" data-type=\"URL\" data-id=\"https:\/\/www.steremat-afs.de\/wordpress\/projekte\/peb\/\"> <strong>PEB &#8211; Ankommen in der digitalen Wirschaft<\/strong><\/a><br>\u2022 <strong><a href=\"https:\/\/www.steremat-afs.de\/wordpress\/projekte\/stadtnaturranger\/\">StadtNaturRanger<\/a><\/strong><\/p>\n\n\n\n<hr class=\"wp-block-separator\"\/>\n\n\n\n<p class=\"has-text-align-center has-large-font-size\">Erfahren Sie hier mehr <br>\u00fcber unsere weiteren<\/p>\n\n\n\n<div class=\"wp-block-buttons aligncenter is-layout-flex wp-block-buttons-is-layout-flex\">\n<div class=\"wp-block-button\"><a class=\"wp-block-button__link has-background-color has-text-color\" href=\"https:\/\/www.steremat-afs.de\/wordpress\/partner\/\" style=\"border-radius:50px\"><strong>Partner<\/strong><\/a><\/div>\n<\/div>\n\n\n\n<hr class=\"wp-block-separator\"\/>\n\n\n\n<p><br><\/p>\n","protected":false},"excerpt":{"rendered":"<p>Projekte Ein Ziel unserer T\u00e4tigkeit ist die F\u00f6rderung, Entwicklung und Unterst\u00fctzung infrastruktureller Prozesse und Abl\u00e4ufe im Land Berlin. Daher nutzen wir auch die M\u00f6glichkeiten \u00fcber die Bewerbung f\u00fcr F\u00f6rderprogramme und Modellprojekte des Landes Berlin, des Bundes und der Europ\u00e4ischen Union. Damit unterst\u00fctzen wir die Entwicklung von Strukturen auf vielf\u00e4ltige Weise, so z.B. im Umwelt- und [&hellip;]<\/p>\n","protected":false},"author":1,"featured_media":162,"parent":0,"menu_order":0,"comment_status":"closed","ping_status":"closed","template":"","meta":{"footnotes":""},"jetpack_sharing_enabled":true,"_links":{"self":[{"href":"https:\/\/www.steremat-afs.de\/wordpress\/wp-json\/wp\/v2\/pages\/89"}],"collection":[{"href":"https:\/\/www.steremat-afs.de\/wordpress\/wp-json\/wp\/v2\/pages"}],"about":[{"href":"https:\/\/www.steremat-afs.de\/wordpress\/wp-json\/wp\/v2\/types\/page"}],"author":[{"embeddable":true,"href":"https:\/\/www.steremat-afs.de\/wordpress\/wp-json\/wp\/v2\/users\/1"}],"replies":[{"embeddable":true,"href":"https:\/\/www.steremat-afs.de\/wordpress\/wp-json\/wp\/v2\/comments?post=89"}],"version-history":[{"count":17,"href":"https:\/\/www.steremat-afs.de\/wordpress\/wp-json\/wp\/v2\/pages\/89\/revisions"}],"predecessor-version":[{"id":1410,"href":"https:\/\/www.steremat-afs.de\/wordpress\/wp-json\/wp\/v2\/pages\/89\/revisions\/1410"}],"wp:featuredmedia":[{"embeddable":true,"href":"https:\/\/www.steremat-afs.de\/wordpress\/wp-json\/wp\/v2\/media\/162"}],"wp:attachment":[{"href":"https:\/\/www.steremat-afs.de\/wordpress\/wp-json\/wp\/v2\/media?parent=89"}],"curies":[{"name":"wp","href":"https:\/\/api.w.org\/{rel}","templated":true}]}}